-3*t. Let n = 17 - t. Suppose n*s - 60 = -s. What is the units digit of s?
5
Let y(m) = -m + 2. Let f be y(14). Let l be 18/f*32/(-12). What is the units digit of 6*l/(-8) - -10?
7
Suppose -3*b = -2*b + 14. Let a = -6 - b. What is the units digit of a/(-12)*9/(-6)?
1
Suppose -3*k + 18 + 51 = 2*q, -5*q = 4*k - 85. Let f(d) = 3*d + 5. Let g be f(13). Let y = g - k. What is the tens digit of y?
1
Let b(v) = 10*v**2 - 2*v + 43. Let g be b(12). Suppose 10*x - 7*x - 887 = 4*q, -5*x = 3*q - g. What is the tens digit of x?
9
Let d be 0 + (1 - 5) - -321. Suppose 0 = -3*g - 3*q + 195, -2*g = 3*g - 3*q - d. What is the units digit of g?
4
Suppose 58*d + 541 = 59*d. What is the units digit of d?
1
Let f = 32 + -30. What is the tens digit of 3885/42 - 1/f?
9
Let l(s) = -2 - 3 + 6 - 5 + 12*s. Let i be l(4). Let a = i + 8. What is the tens digit of a?
5
Suppose 17*p - 128 = p. Suppose -3*z - p = -62. What is the tens digit of z?
1
Suppose -3*f + 117 = 3*j, j + j + 168 = 4*f. Let i(c) = f*c**3 - 17*c**3 + 1 - 25*c**3 - 2*c - 10*c**2. What is the units digit of i(-10)?
1
Let f be (3/4)/((-1)/(-4)). Let v = -216 + 219. Suppose -v*l + 69 = f*g - 33, -l = 2*g - 71. What is the units digit of g?
7
Let y = 30 + -16. Suppose -12*w = -y*w. Suppose w = 10*m - 5*m - 130. What is the tens digit of m?
2
Let n = -126 + 132. Suppose -25 = -k + n*k, c + 4*k = 227. What is the tens digit of c?
4
Let d(a) = a**2 + 27*a + 30. Let t be d(-26). Suppose -r = -t*r - 3*l + 573, 5*l = 0. What is the hundreds digit of r?
1
Let v be (-2)/(-2)*0 - 82. Let w = v - -134. Suppose -u = -w + 9. What is the units digit of u?
3
Let r(a) = -2*a - 5. Let p be r(-7). Suppose m + p = 3*m + 5*q, -5*m = 5*q - 45. What is the tens digit of m?
1
Suppose 6*f + 131 - 3197 = 0. What is the units digit of f?
1
Let c = 1421 - -577. What is the units digit of 2*4/52 - c/(-26)?
7
Let h(x) = x - 9. Let g be h(11). What is the hundreds digit of -3 + -1 - -2 - (-136 + g)?
1
Let i(r) = -r - 3. Let z be i(10). Let p = 38 + z. What is the tens digit of p?
2
Suppose 17*f = 47*f - 16980. What is the hundreds digit of f?
5
Let r = 42 + 490. What is the hundreds digit of r?
5
Suppose 2*h - 5*o + 2 = 0, -5*h + 3*o + 30 = 8*o. Suppose h*d - 3*d = -3*q + 157, -118 = -2*q - 4*d. What is the tens digit of q?
5
Let h(b) = 3*b**2 - b + 13. Suppose 15*x - 144 + 24 = 0. What is the hundreds digit of h(x)?
1
Let p(z) = -z + 2. Let n be p(0). Suppose -17 = t - 2*j + 1, 0 = n*t - 5*j + 39. Let m = 21 + t. What is the units digit of m?
9
Let x(n) = -3*n**3 + 6*n**2 + 30*n + 131. What is the hundreds digit of x(-6)?
8
Suppose 0 = -4*m + 6 - 174. What is the units digit of (-327)/(-7) + (-12)/m?
7
Suppose 2*c - m - 164 = 0, 19*m - 23*m = -3*c + 241. What is the units digit of c?
3
What is the tens digit of 7 + (-5 + (-56)/(-12))*-6843?
8
What is the tens digit of (-9*(-8703)/(-54))/(1/(-2))?
0
Suppose 4*p = -3 + 11. Suppose 5*w - p*w - 69 = 0. What is the units digit of w?
3
Suppose 0*n - 2474 = -5*n - 2*k, 5*n - 2477 = -k. What is the tens digit of n?
9
Suppose 2*w - 5*d - 4 - 16 = 0, -5*w = d + 4. Suppose w = r - 0*x + 3*x + 3, r - 3*x = 3. Suppose r = b + 24 - 66. What is the units digit of b?
2
Let r(j) = 5*j - 1. Let t(b) = 2*b. Let n(o) = 3*r(o) - 7*t(o). Let z be n(5). Suppose -27 + 1 = -z*s. What is the tens digit of s?
1
Let g = 616 + -205. What is the tens digit of g?
1
Let k(b) = 0*b**2 - 6*b + 3 + 14*b - b**2. Let o be k(8). Let t(g) = g**2 + 4*g - 2. What is the tens digit of t(o)?
1
Let m = 36 - 32. Suppose m*b - 3*b + 3*g = 38, -124 = -3*b + g. What is the tens digit of b?
4
Let x(b) = b - 18 + 14 + 6 - 16*b. Let i be x(1). Let r = 15 + i. What is the units digit of r?
2
Let c(w) = 70*w**3. Let m = 8 + -7. Let z be c(m). Let n = z + -46. What is the tens digit of n?
2
Suppose -5*s + 3*f = -0 - 38, f - 4 = 0. Suppose -s = -n - n. Suppose 5*x + 0*g = -2*g + 92, -4*x - n*g = -60. What is the units digit of x?
0
Let x = -850 - -1870. Suppose 4*l - 8*l + x = 2*m, -4*l - 2004 = -4*m. Suppose -8*w = -w - m. What is the tens digit of w?
7
Suppose -v + 2*v = -v. Suppose -5*x = -4*f - v*x + 668, 3*x = 4*f - 676. What is the tens digit of f?
7
Let g(j) = j**3 - 3*j**2 - 6*j + 10. Let q be g(4). What is the tens digit of (-4)/14 + (2220/14)/q?
7
Let i(y) = 31*y**2 - 24*y + 337. What is the units digit of i(12)?
3
Let n(x) = -x**3 + 5*x**2 - 5*x + 2. Let p be n(2). Suppose d + 108 = p*d. What is the units digit of d?
6
Let x(q) = -2*q**3 - 3*q**2 + 6*q + 2. Suppose 5*s - 5*o = -0*s - 40, -4*o = 4*s. What is the tens digit of x(s)?
5
Suppose 19 = -4*i + 31. Suppose -2*a - 4 + 0 = -2*t, -i*t - 4*a = -6. What is the units digit of t?
2
Suppose c - 24 = -5*k, -2 = -c - k + 2. What is the units digit of 2*12*(c - 15/(-9))?
6
Let l = 18 - 34. Let u = 41 - l. What is the units digit of u?
7
Let s(y) = 9*y**2 + 12*y - 35. What is the units digit of s(-13)?
0
Suppose -56*q = -10686 - 124610. What is the tens digit of q?
1
Suppose -16*g + 34*g - 14742 = 0. What is the units digit of g?
9
Suppose 3*k + 4*w = -143, -244 = 5*k + w - 0*w. Let z = k + 81. What is the units digit of z?
2
Let z(p) = p**2 + 5*p - 3. Let t(o) = -6*o**2. Let n be t(1). Let b be z(n). Suppose -m - 68 = -3*v - 6*m, v = -b*m + 20. What is the units digit of v?
6
Suppose -30*a = -0*a - 34770. What is the tens digit of a?
5
Let s = 58 - 54. Suppose -3*x + 5 + 1 = 0, -s*r + 12 = 2*x. What is the units digit of r?
2
Suppose 3*i + b + b = -18, 2*i = -b - 12. Let n(t) = 44 + 7*t - 11*t - 53. What is the tens digit of n(i)?
1
Let t(p) = p**3 - 23*p**2 - 24*p - 6. Let i be t(24). Let z(y) = 7*y**2 + 17*y - 20. What is the units digit of z(i)?
0
Let l(i) = 2*i**3 - 10*i**2 + 7*i + 5. Let d(s) = s**3 + 24*s**2 + 24*s + 29. Let h be d(-23). What is the hundreds digit of l(h)?
1
Let a(y) = 4 - 2 - 3*y + 12*y. Let l(s) = 10*s + 3. Let w(b) = 4*a(b) - 3*l(b). What is the tens digit of w(3)?
1
Let l(t) = -93*t - 38. What is the thousands digit of l(-12)?
1
Let g(m) = 9*m**2 + 8*m - 7. Let j(d) = -d**2 + 1. Let z(b) = g(b) + 5*j(b). Let a be z(-6). Let k = -65 + a. What is the units digit of k?
9
Let w = -80 + 4746. What is the tens digit of w?
6
Let s(q) = -q**3 - 27*q**2 - 4*q - 7. What is the tens digit of s(-28)?
8
Suppose w = -3*w + 16, 239 = 3*o + 5*w. Suppose -o = v - 20. Let g = v - -77. What is the units digit of g?
4
Let g(t) = 101*t**2 - 3*t + 10. What is the hundreds digit of g(3)?
9
Suppose 259 = 3*n - 221. Suppose -f - 3*f = -n. What is the units digit of f?
0
Let h(o) = 35*o**2 - 5*o + 33. What is the tens digit of h(8)?
3
What is the units digit of (-154392)/28*-1*(4 + -3)?
4
Let l = 106 + -75. Let r = 46 - l. What is the units digit of r?
5
Let x be (-2)/(28/12 - 2). What is the tens digit of (414/(-12))/(3/x)?
6
Suppose 3*d + 2*b - 51 = 269, -d + 112 = -2*b. Let i be 1 - 2 - d/3. Let m = 61 + i. What is the tens digit of m?
2
Let r = 10 + -8. Suppose 4*x - 2*b = -r - 6, -2 = b. Let i = x - -4. What is the units digit of i?
1
Suppose -5*m + 2*d = -0*m - 43, -3*m - 3*d = -9. Let a be ((-24)/m)/(2/(-91)). Suppose 5*c - a = -2*b, 0 = -5*c + b + 3*b + 168. What is the tens digit of c?
3
Let w = 45 + -40. Suppose -w*z + 122 = x, -4*x + 3 = -2*z + 43. What is the units digit of z?
4
Let y be 1/(-2*1/12). What is the tens digit of ((-98)/y)/((-21)/(-63))?
4
Suppose -26*w + 10898 + 23682 = 0. What is the hundreds digit of w?
3
Let d(s) = 20*s**2 - 15*s + 2. Let y(u) = -u**2 - 2 - 64*u + 8*u**2 + 3 + 59*u. Let z(p) = 6*d(p) - 17*y(p). What is the units digit of z(-3)?
9
Let t be (-1452)/(-60) + 8/10. Suppose 0 = f - 0*f + 4*v + 8, -2*f + 2*v + 4 = 0. Suppose 5*x - 2*u = 10, 5*x + f*u - t = -u. What is the units digit of x?
4
Let n(z) = 2*z**3 - 20*z**2 + 10*z + 16. What is the hundreds digit of n(11)?
3
Let t be (-7)/(-9) + -1 + 1330/315. What is the units digit of ((-2656)/(-80))/((t/10)/1)?
3
Let j = -1773 - -2757. What is the hundreds digit of j?
9
Let a = -45 + 32. Let v(i) = -i**2 - 13*i + 3. Let b be v(a). Suppose 1 = j + 2, 2*n - 13 = -b*j. What is the units digit of n?
8
Let d be ((-32)/(-120))/(1/3)*5. Suppose -5*b - z - 84 = -1354, d*b = -z + 1015. What is the hundreds digit of b?
2
Let o be ((-8)/108*-9)/((-2)/(-9)). Suppose 0 = 6*b + o*b - 2610. What is the un